 factors of (1/(-1))/((-1)/27138) - (-181 - -174).
5, 61, 89
List the prime factors of (-18 - (-3 - 1)) + 6232.
2, 3109
Let r be (977 - -4)*(-6)/(-9). Suppose 6*s = 4*s + r. List the prime factors of s.
3, 109
Let b be (8/6)/(-4)*0/2. Suppose b = -9*n + 18*n - 6804. Suppose -2*s - 2*h + 211 + 161 = 0, 0 = -4*s - h + n. What are the prime factors of s?
2, 5, 19
Let t = 16930 + 54756. List the prime factors of t.
2, 73, 491
Let m be 6/(-7)*21*(0 + -2). Suppose -2*w + 44 - m = 0. What are the prime factors of (-9)/(w/36*-1)?
3
Suppose -o + 4*h - 3 = h, o + 4*h - 11 = 0. Suppose -d + 2*d - 1764 = -5*g, 0 = o*g - d - 1060. List the prime factors of g.
353
Let i = 90 - 70. Suppose 5*u = 2*w + i, u - 5*w - 19 = 4*u. Suppose -4*v - 608 = -4*s, s - 781 = -4*s - u*v. List the prime factors of s.
5, 31
Suppose -5*f + 275894 = 4*d, 5*f + 6*d = 3*d + 275888. What are the prime factors of f?
2, 7, 563
Let y(r) = -10254*r - 94. What are the prime factors of y(-1)?
2, 5, 127
Let r be (-7)/21*(4 - (90 + -5)). List the prime factors of 933 - (r/9 - 4).
2, 467
Let r(h) = 2*h**3 + 9*h**2 - 15*h - 6. Let x be r(-11). List the prime factors of (x/(-35) + -8)/(4/90).
3
Suppose 42*a = -15*a - 23*a + 546400. What are the prime factors of a?
2, 5, 683
Let f = -58 + 52. Let m(j) = j**2 + 4*j - 18. Let l be m(f). What are the prime factors of (-474)/(-4) + 3/l?
2, 59
Suppose 1273 = 5*z + 2*s, 3*z + 2*s - 767 = -0*z. Suppose -2*g + 533 = -z. Let j = -265 + g. List the prime factors of j.
2
Let d = 100 - 73. Suppose -d*u - 3379 + 17689 = 0. What are the prime factors of u?
2, 5, 53
Let m(h) = -1130*h + 5279. List the prime factors of m(-31).
173, 233
Let g(v) = 343*v**2 - 52*v + 159. What are the prime factors of g(5)?
2, 19, 223
Let o = 7109 + -5234. List the prime factors of o.
3, 5
Let l = 60446 + -40019. List the prime factors of l.
3, 11, 619
Suppose -x + 802 = 2*g + g, 0 = -4*g + 5*x + 1082. Let r = 567 - g. List the prime factors of r.
13, 23
Suppose 0 = -23*g - 10903 + 35375. Suppose -14*h = -504 - g. List the prime factors of h.
2, 7
Let d(h) = 2*h**2 - 6*h + 3*h - h**2 + 9 - 2*h. Let y(j) = j + 5. Let z be y(3). What are the prime factors of d(z)?
3, 11
Suppose -3*i = -3*v + 17871, -9035 - 2884 = -2*v + 3*i. List the prime factors of v.
2, 3, 31
Suppose -3*w + 2*w + 2419 = 0. Suppose t - w = -k - 622, 3*t - 8981 = -5*k. What are the prime factors of k?
5, 359
Let k(l) = 101*l + 64. Suppose 4*t + 26 = 5*u, 3*u - 11 = -2*t + 9. What are the prime factors of k(u)?
2, 5, 67
Let g(f) = -521*f + 629. List the prime factors of g(-16).
5, 11, 163
Suppose -4 = 4*f - 2*g + 4*g, 3*f + 5*g = -3. Let h be ((-3)/1)/((9/366)/f). What are the prime factors of 3/(6 + -3)*h?
2, 61
Suppose 0 = -4*x + 669 + 10335. Suppose -4*o + 4 = 0, -3*o - 660 = 4*d - x. What are the prime factors of d?
2, 3, 29
What are the prime factors of 1*(1 - -49 - (18 + 6 + -21))?
47
Let l(m) = -3*m**3 + 12*m**2 - 11*m + 108. Let x be l(10). Let b = x + 2547. List the prime factors of b.
5, 149
Let x = -4568 + 6119. What are the prime factors of x?
3, 11, 47
Let d = 6258 + -4664. What are the prime factors of d?
2, 797
Let c = -5820 + 15655. List the prime factors of c.
5, 7, 281
Suppose -4*v = 12 - 4, v = -3*q + 7. Suppose 2*g + g + 60 = q*d, 3*d = 4*g + 75. What are the prime factors of (-618)/(-4)*(5 + 65/g)?
103
List the prime factors of ((-42030)/(-25))/(-1 + 4*21/70).
2, 3, 467
Let y be 2535/(-26)*16/(-5). Let k = y + -152. What are the prime factors of k?
2, 5
Let i = 76 + -140. Let j = i - -62. List the prime factors of -5*2/j*(-5733)/(-195).
3, 7
Let n(u) = -u**3 + 4*u**2 + 10*u - 17. Let r be n(5). Let h be 4*1 + (r - (-303 + 4)). Suppose -1 = x, -6*v - 3*x + h = -4*v. List the prime factors of v.
157
Suppose 165*v - 136*v = 319. Let t(n) be the third derivative of -n**6/120 + 11*n**5/60 + 7*n**4/24 - 7*n**3/6 - n**2. What are the prime factors of t(v)?
2, 5, 7
Suppose 3*f - 12 = -3*o, 6 = o + 2*f - 1. Let m be 3 + 10/(-5) - o. Suppose -x = -m*x - 12. What are the prime factors of x?
2, 3
Let h = -1219 + -962. Let y = -1333 - h. List the prime factors of y.
2, 53
Let t(g) = 330*g - 53. Let n be t(3). Let v = n - 342. List the prime factors of v.
5, 7, 17
Suppose 0*v + 4*v - 44 = -3*j, -j + 4*v + 4 = 0. Let t be ((-3016)/3 - 2)*(-18)/j. Suppose 411 - t = -11*y. List the prime factors of y.
2, 5
Suppose 0 = 42*o - 88*o + 280232. What are the prime factors of o?
2, 1523
Let s(n) = n**3 + n**2 - 2*n + 2. Let y be s(0). Let z be y/3 - (1840/6 - 0). What are the prime factors of (3 - 0) + z/(-9)?
37
Let i(k) = -4*k - 6*k + 0 - 16. Let f be i(16). Let p = 99 - f. List the prime factors of p.
5, 11
Let a be 7030/(-25) + 2/10. Let m = a - -133. What are the prime factors of (-1 + 0 - -2)/((-1)/m)?
2, 37
Let y = 318 + -216. Let l = -66 + y. Suppose -102 = -l*w + 33*w. What are the prime factors of w?
2, 17
Suppose 7*b = -4 + 18. Suppose 3*t + 1275 = 4*c + b*t, 0 = -c + 3*t + 316. List the prime factors of c.
11, 29
Suppose 52745 = 7*q - 34657. List the prime factors of q.
2, 3, 2081
Let p be (-802)/(-38) + 3 + (1840/(-152) - -9). Suppose -2*b + 4*g - 2*g + 2 = 0, 0 = -5*b + g + 1. Suppose b*r - r + p = 0. What are the prime factors of r?
3, 7
Let n = 497 - 17. Suppose n = 5*v + 3*v. Suppose 5*g - 165 = -5*t, 2*g + 2*t = -3*t + v. List the prime factors of g.
5, 7
Let w be 2/10*2*50. Let d(u) = 4*u + w*u - 9 + 4. List the prime factors of d(3).
67
Let m(c) = c**3 + 88*c**2 - 52*c - 1000. List the prime factors of m(-88).
2, 3, 149
Suppose 0 = 20*w - 90277 - 696983. List the prime factors of w.
3, 13121
Suppose -17*q + 4570 = -12*q. Let k = 1491 - q. What are the prime factors of k?
577
Let u(c) = -9*c - 182. Let r be u(30). Let d = -264 - r. What are the prime factors of d?
2, 47
Let k = 934 - -545. Let v = k - 523. What are the prime factors of v?
2, 239
Let c = 1613 - -22. Suppose 0 = -3*r + 3*v + 963, -5*r = -0*r + v - c. What are the prime factors of r?
2, 163
Let c = -20607 + 37235. List the prime factors of c.
2, 4157
Let x = 25 + -20. Let o(u) = -u**2 + 20*u + x*u + 0*u**2 - 2 + 17. List the prime factors of o(22).
3
Suppose t = 4*b + 13, 0*b - t = -b - 1. Let d(o) = -o**3 + 2*o - 14. What are the prime factors of d(b)?
2, 3, 7
Suppose -c = 4*z - 75321, -4*c + 266630 + 34708 = -2*z. List the prime factors of c.
3, 25111
Let a(i) be the first derivative of i**4/4 + 5*i**3 - 7*i**2/2 + 20*i - 17. Let p be a(-16). Let w = p + 206. What are the prime factors of w?
2, 41
Suppose 3*k - 465 = f + 8*k, -f = k + 461. List the prime factors of ((-846)/(-10) + -1)/((-184)/f).
11, 19
Let d(v) = -v**2 + 9*v + 24. Let f be d(13). List the prime factors of 7602/8 - (-7)/f.
2, 5, 19
Let f(x) = -3*x**2 + x + 121. Let h = -91 - -91. List the prime factors of f(h).
11
Let k = 8057 + -4533. What are the prime factors of k?
2, 881
Suppose -h = 4*c - 34, 2*h + c + 12 - 52 = 0. Suppose 3*f - h = d, -5 = 4*d + 5*f - 18. What are the prime factors of (-2)/(5/360*d)?
2, 3
Let v = -8446 + 13837. What are the prime factors of v?
3, 599
Suppose 3*p - 6 = -15. Let s = -33 - -42. What are the prime factors of (-15)/s*p - -4?
3
Let u be (48/(12 - 6))/(-1). List the prime factors of 1 + (-602)/u + (-62)/248.
2, 19
Suppose -7*y = -1 - 27. Suppose -3*c - y*u + 242 = 0, 4*c - 3*u - 180 - 151 = 0. List the prime factors of c.
2, 41
Let n(d) = -d**3 + 12*d + 27*d**2 + 10*d - 4*d**2 - 22. Let r be n(24). Let t = r + 156. What are the prime factors of t?
2, 43
Suppose -101*o + 31*o = -446740. List the prime factors of o.
2, 3191
Let y(u) = -u**3 + 2*u**2 - 2*u - 1. Let l be y(-1). Let w = 496 - 264. Suppose -4*i = -3*p + 159, -l*p - 16 + w = -4*i. What are the prime factors of p?
3, 19
Suppose 36*t = 582903 - 105975. What are the prime factors of t?
2, 3, 23
Let t(c) = 2*c**3 - 7*c**2 + 46*c + 12. List the prime factors of t(17).
8597
Let f = -22 - -28. Suppose -f*h + 1170 = -348. What are the prime factors of h?
11, 23
Suppose 245 = -11*v + 18*v. Let b = v - 31. Suppose b*o - g - 15 = 0, -34 = -5*o + 5*g - 4. List the prime factors of o.
3
Let n(o) = -17*o - 25 + 3*o - 18*o - o**3 - 30*o**2. Suppose 2*u - 89 = 3*x, -2*u = 2*x - 0*u + 56. What are the prime factors of n(x)?
2, 31
Suppose 8*g - 16*g = -136. Suppose 13*f + 5296 = g*f. W